s 16997 a multiple of 25?
False
Does 66 divide 21271?
False
Is 5460 a multiple of 21?
True
Is 13732 a multiple of 38?
False
Is 91 a multiple of 13?
True
Is 12 a factor of 2322?
False
Is 45 a factor of 38925?
True
Does 30 divide 3990?
True
Does 3 divide 1491?
True
Is 807 a multiple of 65?
False
Is 23142 a multiple of 190?
False
Is 8 a factor of 184?
True
Is 30 a factor of 568?
False
Is 14 a factor of 266?
True
Is 2994 a multiple of 4?
False
Is 73125 a multiple of 117?
True
Is 30 a factor of 1440?
True
Is 22 a factor of 5235?
False
Does 19 divide 5016?
True
Does 11 divide 1540?
True
Is 16009 a multiple of 70?
False
Does 55 divide 3850?
True
Is 384 a multiple of 16?
True
Is 19 a factor of 3043?
False
Is 524 a multiple of 47?
False
Does 54 divide 9072?
True
Is 3306 a multiple of 58?
True
Is 53 a factor of 1725?
False
Is 345 a multiple of 9?
False
Is 970 a multiple of 10?
True
Is 28 a factor of 108?
False
Is 59 a factor of 1137?
False
Is 40731 a multiple of 520?
False
Is 19 a factor of 7324?
False
Is 103 even?
False
Is 7 a factor of 10850?
True
Is 126 a factor of 726?
False
Is 292 a multiple of 88?
False
Is 1445 a multiple of 28?
False
Does 55 divide 595?
False
Does 28 divide 1041?
False
Is 2038 a multiple of 58?
False
Does 7 divide 334?
False
Is 168 a multiple of 24?
True
Is 5330 a multiple of 13?
True
Does 30 divide 18480?
True
Is 14293 a multiple of 17?
False
Is 32 a factor of 12800?
True
Is 3862 a multiple of 21?
False
Does 41 divide 741?
False
Does 23 divide 1493?
False
Is 15 a factor of 915?
True
Is 46 a factor of 1058?
True
Does 14 divide 1668?
False
Is 143 a factor of 38181?
True
Is 15652 a multiple of 9?
False
Is 384 a multiple of 4?
True
Is 39 a factor of 37362?
True
Does 17 divide 17?
True
Does 9 divide 7232?
False
Is 32 a factor of 3118?
False
Is 19596 a multiple of 69?
True
Does 11 divide 2497?
True
Is 9 a factor of 351?
True
Is 17670 a multiple of 93?
True
Is 864 a multiple of 9?
True
Is 5932 a multiple of 11?
False
Does 31 divide 558?
True
Is 1788 a multiple of 6?
True
Does 7 divide 1771?
True
Is 10140 a multiple of 12?
True
Does 16 divide 155?
False
Is 8 a factor of 362?
False
Is 8349 a multiple of 33?
True
Is 4798 a multiple of 15?
False
Is 9933 a multiple of 77?
True
Does 69 divide 2693?
False
Is 30 a factor of 222?
False
Is 23659 a multiple of 61?
False
Is 4321 a multiple of 29?
True
Is 2418 a multiple of 62?
True
Is 2240 a multiple of 14?
True
Does 7 divide 32683?
True
Is 21 a factor of 7350?
True
Does 30 divide 527?
False
Is 686 a multiple of 14?
True
Is 14680 a multiple of 40?
True
Is 30 a factor of 22230?
True
Is 65364 a multiple of 78?
True
Is 765 a multiple of 17?
True
Is 95 a factor of 36287?
False
Is 143 a factor of 7865?
True
Is 8 a factor of 98?
False
Does 24 divide 16429?
False
Does 8 divide 208?
True
Is 45 a factor of 815?
False
Is 1008 a multiple of 18?
True
Does 16 divide 2208?
True
Is 4571 a multiple of 7?
True
Does 48 divide 22272?
True
Does 22 divide 295?
False
Is 1670 a multiple of 10?
True
Does 43 divide 344?
True
Does 32 divide 2664?
False
Is 1884 a multiple of 59?
False
Does 28 divide 93?
False
Is 15 a factor of 420?
True
Does 12 divide 409?
False
Is 69 a factor of 94737?
True
Is 27 a factor of 15417?
True
Is 15 a factor of 1245?
True
Is 6 a factor of 2158?
False
Is 545 a multiple of 44?
False
Is 4788 a multiple of 84?
True
Is 2622 a multiple of 15?
False
Does 32 divide 11226?
False
Does 63 divide 339?
False
Is 942 a multiple of 157?
True
Is 85 a factor of 88778?
False
Is 32 a factor of 5248?
True
Does 36 divide 972?
True
Does 23 divide 11063?
True
Does 11 divide 1873?
False
Does 3 divide 6885?
True
Is 1624 a multiple of 7?
True
Does 8 divide 140?
False
Does 3 divide 2168?
False
Is 86 a factor of 1096?
False
Does 12 divide 35592?
True
Does 4 divide 686?
False
Does 8 divide 359?
False
Is 389 a multiple of 2?
False
Is 25 a factor of 12230?
False
Does 18 divide 28?
False
Is 53 a factor of 1337?
False
Is 1769 a multiple of 12?
False
Does 43 divide 1634?
True
Is 435 a multiple of 2?
False
Does 19 divide 6929?
False
Does 102 divide 9826?
False
Is 14 a factor of 396?
False
Is 10089 a multiple of 18?
False
Is 194 a factor of 63090?
False
Is 10 a factor of 44?
False
Is 1672 a multiple of 44?
True
Is 14 a factor of 34650?
True
Is 102 a factor of 19412?
False
Does 23 divide 27416?
True
Does 13 divide 591?
False
Does 21 divide 9009?
True
Does 199 divide 11665?
False
Is 20 a factor of 21360?
True
Is 108 a multiple of 18?
True
Is 99 a multiple of 33?
True
Is 23288 a multiple of 86?
False
Is 13 a factor of 546?
True
Is 189 a multiple of 9?
True
Does 25 divide 250?
True
Is 4040 a multiple of 52?
False
Is 99 a factor of 15644?
False
Is 1816 a multiple of 8?
True
Does 15 divide 60?
True
Is 65337 a multiple of 210?
False
Is 6553 a multiple of 10?
False
Is 1446 a multiple of 12?
False
Does 17 divide 612?
True
Is 87 a factor of 10600?
False
Does 20 divide 207?
False
Is 53 a multiple of 53?
True
Is 2478 a multiple of 124?
False
Does 2 divide 49?
False
Does 47 divide 1316?
True
Is 23817 a multiple of 10?
False
Is 126 a factor of 630?
True
Is 36 a factor of 3600?
True
Is 24 a factor of 792?
True
Does 3 divide 174?
True
Does 15 divide 2465?
False
Does 234 divide 10805?
False
Is 4 a factor of 2589?
False
Does 15 divide 2330?
False
Is 31 a factor of 865?
False
Is 14 a factor of 3402?
True
Does 8 divide 499?
False
Is 11 a factor of 264?
True
Does 105 divide 6823?
False
Does 26 divide 208?
True
Is 71331 a multiple of 15?
False
Is 4 a factor of 128?
True
Is 27658 a multiple of 13?
False
Is 7 a factor of 7983?
False
Does 67 divide 67?
True
Is 137751 a multiple of 68?
False
Is 1393 a multiple of 78?
False
Is 227 a factor of 10669?
True
Is 7 a multiple of 7?
True
Does 38 divide 1292?
True
Is 16992 a multiple of 96?
True
Is 2 a factor of 188?
True
Does 269 divide 16947?
True
Does 43 divide 3870?
True
Does 90 divide 450?
True
Does 15 divide 461?
False
Does 40 divide 15985?
False
Is 107848 a multiple of 442?
True
Does 33 divide 429?
True
Is 12 a factor of 2725?
False
Does 22 divide 789?
False
Is 9 a factor of 11452?
False
Is 24 a factor of 600?
True
Is 34 a factor of 794?
False
Is 40 a factor of 1280?
True
Is 91 a factor of 23592?
False
Is 40 a factor of 7200?
True
Is 93 a multiple of 13?
False
Is 744 a multiple of 31?
True
Is 86 a factor of 69053?
False
Is 37088 a multiple of 312?
False
Is 71 a multiple of 15?
False
Is 26436 a multiple of 16?
False
Does 143 divide 4406?
False
Does 5 divide 140?
True
Is 20 a factor of 1373?
False
Is 12960 a multiple of 16?
True
Is 74 a factor of 335?
False
Does 5 divide 370?
True
Is 1834 a multiple of 47?
False
Does 37 divide 1480?
True
Is 50 a factor of 1950?
True
Is 10573 a multiple of 29?
False
Does 269 divide 23403?
True
Is 9 a factor of 459?
True
Does 59 divide 1398?
False
Is 89 a factor of 130?
False
Does 30 divide 270?
True
Is 32 a factor of 864?
True
Is 315 a multiple of 3?
True
Is 598 a multiple of 15?
False
Does 12 divide 4184?
False
Is 2 a factor of 207?
False
Is 13448 a multiple of 7?
False
Is 18 a factor of 363?
False
Is 12296 a multiple of 116?
True
Is 3001 a multiple of 64?
False
Is 2752 a multiple of 8?
True
Is 8268 a multiple of 159?
True
Is 2 a factor of 516?
True
Is 173 a factor of 12332?
False
Is 31 a factor of 4250?
False
Does 7 divide 730?
False
Does 24 divide 48?
True
Is 81 a factor of 24948?
True
Is 84 a factor of 420?
True
Is 17 a factor of 490?
False
Does 19 divide 11278?
False
Does 4 divide 306?
False
Is 77 a factor of 4176?
False
Does 9 divide 6642?
True
Is 110 a factor of 27923?
False
Is 3552 a multiple of 12?
True
Is 165 a multiple of 19?
False
Is 986 a multiple of 29?
True
Is 75 a factor of 35258?
False
Is 4755 a multiple of 8?
False
Is 918 a multiple of 17?
True
Is 27584 a multiple of 32?
True
Is 12 a factor of 2760?
True
Is 29 a factor of 348?
True
Is 7 a factor of 1736?
True
Does 176 divide 56672?
True
Is 43630 a multiple of 6?
False
Does 5 divide 134?
False
Is 153 a factor of 10655?
False
Is 1702 a multiple of 14?
False
Is 2521 a multiple of 29?
False
Is 427 a multiple of 18?
False
Is 657 a multiple of 3?
True
Is 13780 a multiple of 53?
True
Is 200 a multiple of 20?
True
Is 1089 a multiple of 11?
True
Is 61722 a multiple of 54?
True
Is 204 a multiple of 3?
True
Is 6154 a 